 highest common divisor of 193787 and 8148613.
869
Calculate the greatest common factor of 1242 and 23269836.
138
Calculate the highest common divisor of 17343170 and 520.
130
Calculate the greatest common factor of 179086 and 5506668.
302
Calculate the highest common factor of 273108 and 37785.
33
Calculate the highest common divisor of 8357328 and 63.
63
What is the greatest common factor of 50313229 and 37?
37
What is the greatest common divisor of 649549 and 23511?
461
What is the greatest common factor of 67 and 932932321?
67
Calculate the highest common factor of 59830 and 9080.
10
What is the greatest common divisor of 24 and 340511610?
6
Calculate the highest common factor of 1518540 and 144.
12
What is the greatest common factor of 104 and 330603260?
52
Calculate the greatest common factor of 1111 and 1985862.
101
What is the greatest common factor of 2694 and 192994568?
898
What is the greatest common divisor of 1123425 and 423?
9
What is the greatest common divisor of 48396 and 55917?
327
Calculate the highest common divisor of 94 and 345645943.
47
Calculate the highest common divisor of 152 and 4219976.
152
Calculate the highest common factor of 59695352 and 172.
172
Calculate the greatest common divisor of 1537546 and 6.
2
Calculate the highest common factor of 5718355 and 7310.
215
Calculate the highest common factor of 4232445 and 58250.
1165
Calculate the highest common divisor of 34725 and 28350.
75
What is the greatest common divisor of 1050672 and 234472?
2968
Calculate the greatest common divisor of 46043088 and 1040.
208
Calculate the highest common divisor of 2481724 and 113338.
122
What is the greatest common factor of 4 and 13006658?
2
Calculate the greatest common factor of 4968 and 4524813.
207
What is the highest common factor of 264 and 1711992?
24
Calculate the greatest common factor of 29579986 and 2866.
2866
What is the greatest common factor of 50808591 and 6814?
3407
What is the greatest common factor of 275 and 2291950?
25
Calculate the greatest common factor of 795 and 254225.
5
What is the highest common divisor of 138147499 and 69?
23
What is the highest common divisor of 785135 and 30080?
235
Calculate the highest common factor of 127829 and 1261.
13
Calculate the highest common factor of 5655 and 123830655.
195
Calculate the highest common factor of 484692 and 78392.
956
What is the greatest common factor of 23549661 and 8172?
2043
What is the highest common factor of 1087739 and 299?
23
Calculate the greatest common factor of 1304 and 16481908.
652
What is the highest common divisor of 6106 and 846532787?
3053
What is the highest common divisor of 1119493 and 1363?
47
Calculate the highest common divisor of 2047 and 859295.
89
What is the greatest common divisor of 22865863 and 146?
73
Calculate the highest common factor of 18 and 123496182.
18
What is the greatest common factor of 112 and 1527204?
28
Calculate the greatest common divisor of 18 and 101726178.
6
Calculate the greatest common factor of 32814 and 148356.
18
Calculate the highest common factor of 99 and 747923.
11
Calculate the greatest common divisor of 5665436 and 47936.
2996
Calculate the highest common factor of 30854980 and 780.
260
Calculate the greatest common factor of 665 and 14748465.
95
What is the greatest common divisor of 8055 and 2544485?
895
What is the greatest common factor of 7739360 and 560?
80
Calculate the highest common divisor of 1266 and 7355882.
422
What is the highest common factor of 9786 and 443058?
42
What is the highest common divisor of 10533003 and 6097?
871
Calculate the highest common factor of 39264 and 867.
3
Calculate the highest common divisor of 43056920 and 1840.
920
What is the greatest common factor of 147860775 and 25?
25
What is the greatest common factor of 2108 and 1271372?
124
Calculate the greatest common divisor of 44321588 and 5892.
1964
What is the greatest common divisor of 3 and 64830453?
3
Calculate the highest common divisor of 32 and 12984392.
8
Calculate the greatest common factor of 4570209 and 6048.
189
Calculate the highest common factor of 118 and 72972380.
118
Calculate the greatest common factor of 189 and 206576433.
189
What is the greatest common divisor of 7389900 and 24300?
2700
Calculate the greatest common factor of 1352 and 24712532.
676
Calculate the highest common factor of 19158586 and 46.
46
Calculate the highest common divisor of 1502547769 and 607.
607
Calculate the highest common divisor of 215888629 and 9878.
4939
What is the highest common divisor of 1525008 and 4272?
48
Calculate the highest common factor of 7722 and 53339.
143
What is the greatest common factor of 20329659 and 441?
441
What is the highest common factor of 7811596 and 572?
52
Calculate the greatest common divisor of 7605 and 3094728.
507
What is the highest common divisor of 16992 and 50120736?
5664
Calculate the highest common divisor of 7840 and 186789568.
1568
What is the highest common factor of 1102 and 21634?
58
Calculate the greatest common factor of 19016514 and 726.
66
What is the highest common divisor of 336 and 220741122?
42
Calculate the highest common divisor of 1841 and 53725.
7
Calculate the greatest common factor of 42 and 2568.
6
What is the greatest common divisor of 4168609 and 2809?
53
What is the greatest common divisor of 59136325 and 353?
353
What is the greatest common divisor of 22219131 and 135?
3
What is the highest common factor of 28510470 and 180?
90
What is the highest common factor of 135 and 4637820?
15
What is the greatest common divisor of 869 and 9667163?
11
What is the greatest common factor of 3004800 and 13718400?
9600
What is the highest common divisor of 7044722 and 52?
2
What is the highest common factor of 3755775 and 225?
75
What is the greatest common factor of 231168549 and 597?
597
What is the highest common divisor of 597 and 62859324?
597
What is the greatest common divisor of 2620 and 248051120?
2620
Calculate the greatest common divisor of 52 and 192320.
4
Calculate the greatest common factor of 2649 and 22461.
3
Calculate the greatest common divisor of 1819006 and 2702.
14
Calculate the greatest common factor of 67090638 and 2154.
2154
Calculate the greatest common divisor of 356603 and 1066.
13
What is the highest common divisor of 471721688 and 548?
548
Calculate the greatest common factor of 1636243 and 5796.
161
What is the greatest common factor of 11507 and 857549?
37
What is the greatest common factor of 71362433 and 106?
53
What is the highest common factor of 363003 and 6?
3
Calculate the greatest common divisor of 154 and 481726.
14
Calculate the highest common factor of 72 and 774245394.
18
Calculate the highest common divisor of 3975400 and 2800.
200
What is the highest common factor of 204972 and 3538712?
2356
Calculate the highest common divisor of 72 and 955503.
9
What is the highest common divisor of 9960058 and 46?
46
Calculate the greatest common divisor of 1421744 and 80.
16
What is the highest common factor of 22339 and 2474467?
89
Calculate the greatest common divisor of 231 and 10098606.
21
Calculate the highest common divisor of 726 and 1022582.
22
Calculate the highest common factor of 11199542 and 18.
2
Calculate the greatest common divisor of 196321 and 306743.
137
What is the highest common factor of 302688172 and 472?
236
Calculate the highest common factor of 29975 and 38368.
1199
Calculate the highest common divisor of 1796006 and 160067.
2713
What is the greatest common factor of 1575 and 1162125?
225
What is the greatest common factor of 2096 and 75772496?
2096
What is the greatest common divisor of 9100 and 4603165?
35
What is the greatest common factor of 3843 and 4095?
63
What is the highest common factor of 1325 and 162055?
5
Calculate the greatest common factor of 38 and 661979.
19
What is the greatest common factor of 767811 and 13497?
33
What is the greatest common factor of 590 and 5820740?
10
What is the greatest common factor of 402 and 181270175?
67
Calculate the highest common divisor of 43772110 and 11560.
170
What is the greatest common divisor of 240 and 114437640?
120
Calculate the greatest common factor of 5649256 and 712.
8
Calculate the greatest common factor of 10 and 1988197060.
10
Calc